(o) = -o**3 + 7*o**2 + 10*o - 6. Let p be g(8). Let a be ((2 - p) + 3)*-1. Suppose 135 + 35 = a*n. What is the tens digit of n?
3
Suppose 0 = 29*b - 27*b - 4276. What is the thousands digit of b?
2
Suppose -2*r + c + 42 + 2 = 0, -5*r - 5*c = -80. Let y = -34 - -79. Let l = y - r. What is the units digit of l?
5
Let x = -34 + 92. Let z = x - -246. What is the hundreds digit of z?
3
Let c(o) = o**3 - 11*o**2 + o - 10. Let a be c(11). Let v be (-16 + a)*(-56)/21. Suppose y - v = -13. What is the units digit of y?
7
Let f(r) = -6*r + 21. Suppose 50 = -5*x + 4*l, -x - 10 = -0*x - 5*l. What is the tens digit of f(x)?
8
Suppose -x + 3 = -1. Let w be (3/(-6))/(-1)*x. Suppose -w*t + 9 = -3*g + 89, -131 = -5*g + t. What is the units digit of g?
6
What is the tens digit of (-1020)/(-2) + (5 - 4)?
1
Suppose 3*g - 20 = -g. Suppose -2*p - 5 = -g*f, 0 = 2*p + p - 4*f - 10. What is the tens digit of p?
1
Suppose -v + 0*v + h = -7, -3*v + 45 = 5*h. What is the units digit of (136/(-6))/(v/(-105))?
8
Let u(d) = d**3 - 4*d**2 + 2*d - 4. Let k be u(4). Suppose k*q = 5*v + 184, -q = 5*v - 0*v - 46. What is the units digit of q?
6
Let s be (((-684)/3)/(-3))/(-1). Let d = s + 129. What is the tens digit of d?
5
Let b be (4/3)/((-10)/15). Let r be 6*b/6*-2. Suppose -v - r*v = 10, i - 23 = -v. What is the units digit of i?
5
Suppose 0 = -10*w + 1211 + 1189. What is the hundreds digit of w?
2
Suppose -5*i + 2*b + 7676 = 0, -1540 = -13*i + 12*i - 2*b. What is the tens digit of i?
3
Let n(g) = g**3 - 2*g**2 - g + 2. Suppose -5 - 3 = -4*c. Let l be n(c). Suppose 0 = 3*t - 15, 2*v - 6*t + 3*t - 55 = l. What is the tens digit of v?
3
Let k = 778 - -467. What is the thousands digit of k?
1
Let o(x) = 2*x - 9*x**2 + 1 + 6*x**3 - 12*x**3 + 2*x**3. What is the tens digit of o(-3)?
2
Suppose 45*p = 9674 + 6211. What is the units digit of p?
3
What is the hundreds digit of 6/21 - 391095/(-105)?
7
Suppose 4*l - 3*c = 1301, -42*l = -44*l + c + 653. What is the units digit of l?
9
Suppose 53 = -4*m + 3*m. Let h = m + 94. What is the units digit of h?
1
Suppose 2*c - 16 = 4*y, -2*c - 3*c + 16 = -2*y. Suppose c*w = 6*w - 108. What is the tens digit of w?
2
Suppose -c = -4*j + 3, 0*j + j = 2. Suppose 0 = 4*r - 5*m + 45, 2*m + c = 7*m. What is the units digit of (r - -9)/(1/(-4))?
4
Suppose -1 = 2*s - 7. Suppose 4*p - 5 = 5*n + p, s*n = -4*p + 26. What is the units digit of n/((-8)/12) + 6?
3
Let j(n) = 46*n**2 + 175*n + 9. What is the hundreds digit of j(6)?
7
Let c(g) = 4*g - 20. Let h be c(6). What is the units digit of 116 + (-4)/(h/(-3))?
9
What is the hundreds digit of (42 - 16)/(28/(-29) - -1)?
7
Suppose 26 = -x + 27. Let t be x/((27/6)/(-9)). What is the tens digit of (-1)/(t/(-28))*-3?
4
Let i = 0 + 5. Suppose -5*o - 4*k + 140 = -3*o, 4*o = i*k + 306. What is the tens digit of o?
7
Let d be (-22 + -2)/1*1. What is the tens digit of (d/(-20))/((-6)/(-220))?
4
Let f(k) = -k**3 + 9*k**2 - 6*k. Let r(i) = i**3 - 6*i**2 + i. Let v be r(6). What is the units digit of f(v)?
2
Suppose -2 = o + 2. Let t = o - -11. Suppose -t = b - 40. What is the units digit of b?
3
Suppose -3*i = 4*i - 5684. What is the tens digit of i?
1
Suppose -2*i - 5*d + 901 = 0, 2*d + 1396 - 502 = 2*i. Suppose 5*j = 5*m + 1120, -2*j - 3*m = -0*j - i. What is the units digit of j?
4
Let a be (-1258)/(-12) - ((-16)/(-4))/(-24). Suppose -39 - a = -2*f. What is the tens digit of f?
7
Let j = 418 - 136. Let q be 6/(-15) + j/5. Suppose 5*x - 2*x - 48 = -3*s, 3*x = -5*s + q. What is the tens digit of x?
1
Suppose -10*f + 27 = -f. Suppose -27 = -p + v + f*v, 0 = -5*p + v + 230. What is the tens digit of p?
4
Let t = -5 + 7. Let f(u) = 5*u - 1. Let i be f(t). Suppose 4*p = i*p - 30. What is the units digit of p?
6
Let m(k) = k. Let r(o) = -11*o + 25. Let j(q) = -4*m(q) - r(q). What is the tens digit of j(15)?
8
Suppose 4*a = -5*z + 2*a + 61, -5*z + a = -52. Let t(o) = -o**3 + 10*o**2 + 13*o + 16. What is the units digit of t(z)?
8
Let x = 531 + -354. What is the tens digit of x?
7
What is the hundreds digit of 12/((-50)/(-24) - 2)?
1
Let m = -2 + 6. Let g = 37 - 74. What is the tens digit of (m + -3)*1 - g?
3
Let d(a) = 2*a**2 + a + 335. What is the hundreds digit of d(-42)?
8
Let d(r) = r + 26. Let y = -17 - -19. Let n = y - 10. What is the tens digit of d(n)?
1
Let r be (25/2)/((-2)/(-4)). Suppose 0 = 2*h, -137 = -3*x - 2*h - 8. Let q = x - r. What is the units digit of q?
8
Let i be 134/(2*1/(-2)*1). Let o = 108 - i. What is the units digit of o?
2
Let o = 8 - 5. Suppose -49 = -o*z - 10. What is the tens digit of z?
1
Let t(r) = r + 6. Let j be t(-4). Let s(o) = 30*o. Let l be s(j). Suppose 2*m + 0*m + 4*i = l, 4*m - 106 = -i. What is the tens digit of m?
2
Let z = 3070 + -1891. What is the units digit of z?
9
Suppose 3*k = -0*k + 6. Suppose d = b + 58, -k*b + 53 = d - 2. What is the units digit of d?
7
Suppose 2*l = 2*s + 934, -5*l + 2*s - s + 2323 = 0. What is the units digit of l?
4
Let s(f) = f - 33. Let o(y) = 3*y - 67. Let b(l) = 6*o(l) - 13*s(l). What is the tens digit of b(6)?
5
Let d(j) = -3*j - 2. Suppose 2 = -0*t - t. Let p be d(t). Suppose 0 = 4*g + p, -2 = z + 2*g - 3. What is the units digit of z?
3
Suppose -6*y = -y - 10. What is the hundreds digit of (y - (-123)/2)*2?
1
Let n = -800 + 1270. What is the tens digit of n?
7
Let v(u) = 16*u**2 + 2*u + 1. Let y be v(-1). Let d = y - 10. Let i(j) = j**3 - 5*j**2 + 6. What is the units digit of i(d)?
6
What is the hundreds digit of 5 - (-20)/10*181/2?
1
Let a(i) = -18*i**3 - i**2 - 5*i - 2. What is the hundreds digit of a(-3)?
4
Let k = -27 - -31. Suppose k*u - 30 = u. What is the units digit of (-73)/(-5) + 4/u?
5
Let m(u) = -39*u**3 - u. Let c be m(-1). Let x = c + 40. What is the units digit of x?
0
Suppose 2*b = 5*b - 4*j - 25, 5*b - 61 = -3*j. Let p(s) = -15*s**2 + 2*s - 13. Let i be p(b). What is the tens digit of i/(-70) + 2/10?
2
Suppose -3*o + 9 = -18. Suppose 2*n = -n + h + 3, 3*n + h - o = 0. Suppose 10*f - 5*f = -5*s + 200, 5*s = n*f - 66. What is the tens digit of f?
3
Suppose y + 6 = 10. Suppose y*v = -2*l + 144, -5*v + 72 = 2*l - l. What is the tens digit of l?
7
Let o be ((-4)/(-16))/((-1)/(-268)). Let n = o + -47. What is the tens digit of n?
2
Let j be -68 + (1 - (-3 + 6)). Let q = j - -122. What is the units digit of q?
2
Suppose 0 = -10*t + 24*t - 7602. What is the units digit of t?
3
Suppose 4*j = -k + 143 + 251, -1940 = -5*k - 5*j. What is the hundreds digit of k?
3
Let g = -8 - -10. Suppose 2*l - 13 = 2*q + 3, 3*l + g*q = 29. Suppose l = b - 2. What is the tens digit of b?
1
Let t = 54 + -52. What is the units digit of (54/(-15) + t)*-30?
8
Suppose t = 2*g - 14, t - g - 1 = -13. Let j be 12/(-18) - t/(-3). Let d = j - -47. What is the units digit of d?
3
Let j = 1157 - 812. What is the units digit of j?
5
Suppose -4 = -t - t. Suppose 0 = t*k - 6 - 50. Suppose u = 3*u - k. What is the tens digit of u?
1
Let k(n) = -n - 7. Let j be k(-6). Let d be (j - -3)/(4/6). Suppose 0 = d*a - a - 5*z - 66, 0 = 4*a - z - 96. What is the tens digit of a?
2
Let n = -39 - -39. Suppose 0 = -n*z + z - 1, -211 = -2*f - 5*z. What is the hundreds digit of f?
1
Suppose -5*j = 22 + 88. What is the units digit of 6/33 + 4 + (-3450)/j?
1
Suppose -26 = n - 605. What is the tens digit of n?
7
Let g(x) = -4*x - 2*x - 4*x**2 + 2*x**2 + 4 + x**3 - 7. Let b be g(5). Let u = 60 - b. What is the tens digit of u?
1
Let b(h) = h**3 - 30*h**2 - 58*h - 26. What is the units digit of b(32)?
6
Let j(f) = 32*f**2 - 30*f + 9. What is the hundreds digit of j(-6)?
3
Let f be 108 - 4/(-8)*-2. Let h = 403 - f. What is the hundreds digit of h?
2
Suppose 5*i + 5*k = 8505, 5*i - 4*k - 2898 - 5589 = 0. What is the units digit of i?
9
Let r(h) = 26*h - 24. Let z(k) = 24*k - 23. Let l(i) = -4*r(i) + 5*z(i). What is the tens digit of l(8)?
0
Let x be -11 - (0 - 0)/1. Let m = 12 + x. What is the tens digit of 6/2 + 6 + m?
1
Suppose -v - 1088 = -2*r, 3*v + 1627 = 3*r - v. What is the units digit of r?
5
Let u = -4830 + 9478. What is the tens digit of u?
4
Let i(h) = 3 + 1 - 3 - 17*h**2. Let o be i(-1). What is the units digit of (4 + 60/o)*4?
1
Suppose f = -29 + 4. Let v = f - -51. What is the units digit of v?
6
Suppose -5*n = -2*o - 4101, 5*n - o + 5*o = 4083. What is the tens digit of